ppose n = -3*n - 272. Let w = -4 - n. What is the greatest common divisor of w and h?
16
Suppose 334 = 3*a + 109. What is the highest common divisor of a and 50?
25
Let u(b) = 4*b - 3. Let y be u(2). Suppose d = -5*c + 1, -y = -5*d + 2*c - 0. Let f = 4 - 2. What is the greatest common factor of d and f?
1
Let d(s) be the third derivative of 0 - 1/12*s**4 + 2*s**2 + 1/30*s**5 - 1/6*s**3 + 0*s. Let p be d(2). What is the greatest common divisor of p and 9?
3
Suppose -2*q = -4*y + 464, y - 43 = -2*q + 68. Calculate the greatest common divisor of 23 and y.
23
Let v be 15 - ((-1 - -1) + 0). Suppose 123*f = 128*f - 25. What is the greatest common factor of v and f?
5
Suppose 13 = t + 3*u + u, 0 = -2*u - 6. Suppose 5*j + t - 140 = 0. Calculate the highest common factor of j and 69.
23
Suppose -4*c + 5*c + 11 = 5*n, -84 = 5*c + 4*n. Let z = -6 - c. Calculate the highest common divisor of 20 and z.
10
Suppose -54 = -4*w - 2*o, -2*w = 4*o - 9 - 27. Calculate the highest common divisor of w and 6.
6
Suppose f + 2*g - 3*g = 58, -4*f + 5*g + 234 = 0. Suppose -f = -n - n. Let k = -31 - -38. Calculate the highest common divisor of k and n.
7
Suppose 3*v = 2*v + 50. Suppose -40 = -5*d + v. Let s(a) = -a**3 + 6*a**2 + 3*a - 6. Let g be s(6). Calculate the highest common factor of g and d.
6
Let d = 62 - 22. Let k be (-40)/6*24/(-20). Calculate the greatest common divisor of k and d.
8
Let m be (-1 - -1)/(8/(-8)). Let i be 1/(m - 2/(-18)). Let d(a) = -3*a**3 - 6*a**2 + 3. Let v be d(-4). What is the greatest common factor of v and i?
9
Let y(i) = -i**2 + 7*i + 3. Let z be y(7). Suppose 2*x - 6*m - 54 = -4*m, 0 = z*x + m - 65. Calculate the highest common factor of 161 and x.
23
Suppose 4*u - 840 = -0*u. Calculate the highest common factor of u and 14.
14
Let q be 2 - 11/(55/(-70)). What is the highest common divisor of q and 1?
1
Let o(r) = 28*r**2 + 4*r + 4. Let w be o(-1). Calculate the highest common factor of w and 42.
14
Let r(d) = d**2 - 9*d - 8. Let k be r(11). Suppose 1 = -u + 113. Calculate the greatest common divisor of u and k.
14
Let v(u) = -43*u**3 - u**2 - u - 1. Let k be v(-1). Calculate the highest common divisor of 56 and k.
14
Let s(g) = g**2 - 6*g - 7. Let z be s(7). Let h be 33 - 2 - (z - 1). Calculate the highest common divisor of 4 and h.
4
Let f(s) = -3*s. Let x be f(-6). Let h = x - -2. Calculate the greatest common factor of h and 2.
2
Let o be 0 + -1 + (-77)/(-11). What is the greatest common divisor of 30 and o?
6
Suppose -h + 0*h + 31 = 0. What is the highest common factor of h and 31?
31
Suppose 3*i - 180 = -2*i. Let s = 7 + 2. What is the highest common divisor of s and i?
9
Suppose 3*x = 0, -2*b + 3*x - 355 = 19. Let a = b - -330. Calculate the greatest common factor of a and 13.
13
Suppose 20 = -5*m, -4*r - m + 32 = -492. Calculate the highest common divisor of 12 and r.
12
Let k(z) = -2*z + 8. Let i be k(-7). Suppose 0 = 6*s - 317 - 13. What is the highest common factor of s and i?
11
Suppose -n - 95 = -5*j - 4*n, 5*j - 2*n - 70 = 0. Let y = -3 - -6. Suppose y*d = -d + 128. Calculate the highest common factor of d and j.
16
Let y be (1 - 0) + (-1 - -290). What is the greatest common divisor of 29 and y?
29
Let t be -4 + 4 + 2*1. Let o be (-4 - t)*(-2)/3. Suppose 4*r - 380 + 120 = -4*v, -o*r = 20. Calculate the highest common divisor of 10 and v.
10
Let d(r) = -r + 9. Let a be d(0). What is the greatest common factor of a and 99?
9
Suppose 2 = 2*h - 26. Let q be 3/(-1 - (-17)/h). Suppose -j + 26 = k - 0*k, 0 = j + 2. Calculate the highest common divisor of k and q.
14
Let o = -8 - -11. Suppose 2*l = -o*i + 6 + 13, 4*l = -4*i + 32. Suppose -3*n = -n - 20. Calculate the highest common divisor of l and n.
5
Let o be 50 + 3 + 0 - 3. Calculate the highest common divisor of 10 and o.
10
Suppose y + 391 = 3*u - 0*y, -5*y = 5*u - 685. Suppose 10 = 2*s, h - 3*s = -6 + 3. What is the greatest common factor of h and u?
12
Suppose 5*f = -10, 3*h + 3*f - 1 = 2*f. What is the highest common factor of h and 1?
1
Suppose -v + 2*l = -3*l - 2, 50 = 4*v + l. Let f be -5*v*12/(-40). Calculate the highest common divisor of f and 45.
9
Suppose -85*l = -86*l + 6. Calculate the highest common factor of l and 15.
3
Suppose -3*x = -0*x. Suppose -5*r - 5*n + 60 = -x*n, -5*n = -25. What is the highest common divisor of r and 49?
7
Let s = 47 + -25. What is the greatest common factor of s and 110?
22
Let g = -57 - -90. What is the highest common divisor of 99 and g?
33
Suppose -x = -0*x - 4. Suppose 0 = x*h - 15 - 45. Let m be (74 - -2) + 3/(-3). Calculate the greatest common divisor of h and m.
15
Suppose 0 = 2*a - 166 - 14. What is the greatest common divisor of 9 and a?
9
Let x = -4 + 2. Let b be 1/x - (-20)/8. What is the highest common factor of 6 and b?
2
Suppose 12 = -7*p + 13*p. Calculate the highest common divisor of p and 8.
2
Let l = -3 - -16. What is the greatest common factor of 65 and l?
13
Let r(g) = -2*g**3 - 4*g**2 - 4*g + 4. Let o be r(-4). Suppose 0 = y - 0*y - 12. Calculate the highest common divisor of y and o.
12
Suppose -6*t - 16 + 40 = 0. Suppose d = t*m + 145, 0*m + 725 = 5*d - 5*m. What is the highest common divisor of d and 29?
29
Let p(f) = f**3 - 4*f**2 + 2*f + 4. Let b be p(5). Let z = -33 + 48. Let n be ((-6)/(-4))/(z/130). Calculate the greatest common factor of b and n.
13
Let f(d) = d**3 - 3*d**2 + 2*d - 4. Let x be f(4). What is the greatest common factor of x and 80?
20
Suppose -95 = -5*s + 70. What is the greatest common divisor of 165 and s?
33
Let w(q) = q**3 - 9*q**2 + 5*q - 13. Let m be w(9). What is the highest common divisor of m and 8?
8
Suppose 0*r + 5*r + 2*n - 16 = 0, 4*r - 3*n = 22. Suppose -4 = -2*d - m, 0*d - r*d = m - 10. Let k = -1 + d. Calculate the greatest common divisor of 10 and k.
2
Suppose -5*m - 9 = -54. Calculate the greatest common factor of m and 18.
9
Let c be (-2)/(-5) + (-1044)/10. Let s = -63 - c. Let a be s + (-1 + 0 - 0). Calculate the highest common divisor of 16 and a.
8
Let g be 1 - 1 - (1 + 0). Let j = -10 - -18. Let u = j + g. Calculate the greatest common divisor of 14 and u.
7
Let a be (0 - 2) + 14 + 2. Let b be (a/(-5))/((-4)/20). Calculate the greatest common divisor of b and 14.
14
Let h be -3 - (-2 + 1*-8). What is the greatest common factor of 14 and h?
7
Suppose -5*y + 12 + 13 = 0. What is the greatest common factor of 30 and y?
5
Suppose 4*x + 4 = u, -3*x = 4*u - 2*u + 3. Suppose u*p - z = -p + 24, -5*p + z = -104. Let f = 112 - 62. Calculate the highest common factor of p and f.
10
Suppose 3*w = -3*k - 95 + 260, -2*k + 95 = -w. What is the highest common factor of 10 and k?
10
Let j(m) be the second derivative of 0 + 1/2*m**4 + 1/20*m**5 + m - 3/2*m**3 + 7/2*m**2. Let g be j(-7). What is the highest common divisor of 7 and g?
7
Let q(y) = 2*y + 3. Let z be q(6). Let n = z - 35. Let b be 68/5 - 8/n. Calculate the highest common divisor of 70 and b.
14
Suppose -3*u + 6*u - 2*r - 280 = 0, -5*u + 464 = -4*r. Calculate the greatest common divisor of 12 and u.
12
Let o(x) = -x - 6. Let t be o(-8). Suppose 12 = 2*a - 2*d - t*d, 8 = 3*a - d. Calculate the greatest common factor of 16 and a.
2
Let x be (67/5 - 6/15)*1. What is the greatest common factor of x and 104?
13
Let k be 2/(-3) - 16/(-6). Let a(o) = k*o + 1 - 3*o + 1. Let q be a(-13). What is the greatest common divisor of 45 and q?
15
Let h = 62 - 56. What is the highest common divisor of 54 and h?
6
Let n = -37 - -57. What is the greatest common divisor of 4 and n?
4
Let h = 80 + -52. Suppose -1 = -c + 3. Calculate the greatest common divisor of h and c.
4
Suppose -7*u + 3*u = -12. Suppose -u*s + 5*n - 16 = -6*s, -3*s = -5*n - 26. What is the greatest common factor of s and 28?
7
Let u be -2*(20/(-8))/(-5). Let f be (2/u)/(10/(-55)). What is the highest common divisor of 121 and f?
11
Let f = 202 - 139. Calculate the greatest common divisor of f and 105.
21
Let l be 0 + -3*3/(-9). Let k(m) = -2 - 3 - 5*m - l. Let d be k(-4). What is the highest common factor of 28 and d?
14
Suppose f = 2*f - 70. Suppose -f = -4*y - y. Calculate the greatest common divisor of 2 and y.
2
Let j(f) = 11*f - 7. Let c be j(7). Suppose -26*k + 28*k = 20. What is the greatest common divisor of k and c?
10
Let t be (1*4)/(10/15). What is the gre